Determine p(-40).
-128
Let b(f) = 2*f**3 + 35*f**2 - 8*f - 492. Calculate b(-17).
-67
Let h(q) = -4801*q + 743803. Calculate h(155).
-352
Let m(g) = 226661*g + 3853235. What is m(-17)?
-2
Let c(s) = -46*s**3 + s**2 - 161*s + 158. Calculate c(1).
-48
Let n(x) = -94*x + 5340. Determine n(53).
358
Let b(p) = -285*p + 5559. Calculate b(17).
714
Let o(h) = 14*h**2 + 706*h + 6202. Calculate o(-9).
982
Let d(i) = 2*i**3 - 84*i**2 - 270*i - 102. What is d(45)?
-102
Let b(o) = 1104*o + 235182. Give b(-213).
30
Let u(p) = -p**3 - 43*p**2 - 469*p - 46. What is u(-18)?
296
Let u(r) = 6*r**2 - 29*r + 170. Give u(6).
212
Let g(x) = -43009*x - 1935412. Give g(-45).
-7
Let j(b) = -5*b**3 - 3*b**2 + 32*b + 101. Calculate j(-5).
491
Let o(m) = 9903*m + 326986. Calculate o(-33).
187
Let j(u) = -u**3 - 425*u**2 - 872*u - 10998. Determine j(-423).
0
Let a(b) = 3*b**2 + 63*b - 25. Calculate a(-18).
-187
Let v(q) = 19*q + 1296. Determine v(-81).
-243
Let j(u) = 210*u + 13379. What is j(-64)?
-61
Let c(v) = -v**3 - 87*v**2 + 43*v + 10. Give c(0).
10
Let g(m) = 614*m**2 + 41136*m - 134. What is g(-67)?
0
Let s(q) = q**3 + 47*q**2 - 488*q - 16909. What is s(-50)?
-9
Let y(i) = i**3 - 72*i**2 + 151*i - 583. Give y(70).
187
Let b(o) = -15621*o - 78085. Give b(-5).
20
Let g(c) = -2923*c**2 - 81841*c + 78. Calculate g(-28).
-6
Let n(b) = -494*b**2 + 2474*b - 38. Calculate n(5).
-18
Let x(a) = -a**2 - 68075*a - 408424. What is x(-6)?
-10
Let z(j) = -26*j**3 + 542*j**2 - 2285*j + 100. What is z(15)?
25
Let j(a) = -3136*a + 12609. Calculate j(4).
65
Let c(s) = -s**3 + 63*s**2 + 91*s + 2515. What is c(65)?
-20
Let q(g) = 508*g - 27954. Calculate q(55).
-14
Let u(o) = 3*o**3 - 42*o**2 - 795*o - 1433. Give u(-2).
-35
Let f(l) = -3*l**3 - 198*l**2 - 18*l - 1155. What is f(-66)?
33
Let b(v) = -8*v**2 + 280*v + 17374. Calculate b(67).
222
Let c(f) = -1159*f - 19918. What is c(-17)?
-215
Let p(m) = m**3 + 124*m**2 + 333*m + 41307. Give p(-124).
15
Let l(f) = 1065*f - 50056. Determine l(47).
-1
Let w(c) = -55*c**2 - 343*c + 330. Determine w(1).
-68
Let u(f) = -f**2 + 384*f - 36904. Determine u(188).
-56
Let j(p) = 3*p**3 - 96*p**2 + 781*p - 767. What is j(19)?
-7
Let y(r) = 3*r**2 + 157*r + 1519. Determine y(-23).
-505
Let h(g) = g**3 - 157*g**2 - 303*g + 28. What is h(-2)?
-2
Let i(s) = -s**3 + 536*s**2 - 3184*s + 2077. Calculate i(530).
-43
Let h(i) = -2*i**3 + 1210*i**2 + 32811*i - 23. Give h(-26).
3
Let s(m) = 563*m - 226405. What is s(402)?
-79
Let d(b) = 15*b**2 - 346*b + 351. Determine d(22).
-1
Let y(f) = 8*f**3 - 816*f**2 - 54*f + 5492. Give y(102).
-16
Let s(n) = n**3 - 68*n**2 + 373*n - 71. Calculate s(62).
-9
Let t(q) = -68*q + 11416. What is t(163)?
332
Let w(z) = -3484*z - 83619. Calculate w(-24).
-3
Let w(s) = -1792*s + 150482. Determine w(84).
-46
Let x(r) = 4*r**2 - 496*r - 19099. Give x(155).
121
Let v(k) = -k**2 - 11432*k - 1278998. What is v(-113)?
49
Let x(m) = m**3 + 2*m**2 + 16*m - 608. Calculate x(7).
-55
Let s(i) = 6*i**2 - 5360*i + 10706. What is s(2)?
10
Let g(d) = 86*d**3 + 8*d**2 + d. What is g(-1)?
-79
Let u(b) = -32*b**2 - 555*b - 136. Calculate u(-13).
1671
Let z(p) = p**2 - 3594*p + 89222. Determine z(25).
-3
Let i(u) = 76490*u + 994373. Calculate i(-13).
3
Let z(t) = 2*t**3 + 66*t**2 + 214*t + 33. What is z(-29)?
555
Let w(x) = 7996*x + 1407294. What is w(-176)?
-2
Let d(l) = -3*l**3 - 44*l**2 + 22*l - 133. Calculate d(-15).
-238
Let j(r) = r**2 - 110*r - 3415. Give j(-27).
284
Let f(j) = j**3 - 13*j**2 - 122*j + 1140. Give f(16).
-44
Let n(x) = x**2 + 76*x + 1842. Give n(-30).
462
Let b(u) = -10*u**2 - 1036*u - 2130. Calculate b(-100).
1470
Let q(m) = -6*m**2 + 332*m + 2886. Give q(63).
-12
Let v(t) = -t**2 - 223*t - 12180. Calculate v(-127).
12
Let f(p) = 2*p**2 + 16086*p + 64329. Give f(-4).
17
Let z(d) = 2401*d + 238147. What is z(-99)?
448
Let m(i) = -i**3 + 6*i**2 - 154*i + 767. Determine m(5).
22
Let q(g) = 1501337*g + 37533426. Determine q(-25).
1
Let l(q) = q**2 + 543*q - 10138. Determine l(18).
-40
Let q(w) = -127*w**2 + 1837*w - 54. Calculate q(15).
-1074
Let y(z) = 11*z + 4. Calculate y(-178).
-1954
Let o(r) = -r**2 - 116*r - 1695. What is o(-22)?
373
Let g(u) = -4*u**3 - 154*u**2 + 226*u - 57. Calculate g(-40).
503
Let i(p) = -p**3 + 467*p**2 + 2837*p - 10. Calculate i(-6).
-4
Let m(b) = -215*b + 23636. Calculate m(123).
-2809
Let h(k) = -14*k - 1601. Give h(-100).
-201
Let a(r) = 29470*r + 58942. Calculate a(-2).
2
Let y(z) = -949*z**2 + 41898*z - 6245. Calculate y(44).
3
Let g(f) = -7*f - 464. Determine g(34).
-702
Let d(q) = 6875*q + 378138. What is d(-55)?
13
Let o(c) = 16*c**3 + 1155*c**2 + 178*c - 2735. What is o(-72)?
1
Let c(b) = 4695*b**2 - 32865*b - 11. What is c(7)?
-11
Let y(q) = -q**3 - 16*q**2 - 2155*q - 19193. Calculate y(-9).
-365
Let b(c) = 31*c**3 + 110*c**2 + 159*c + 393. What is b(-3)?
69
Let s(u) = 149839*u. Calculate s(0).
0
Let p(h) = 342*h - 868. Determine p(3).
158
Let x(o) = o**2 - 553*o + 9005. Calculate x(17).
-107
Let d(f) = -3*f**3 - 24*f**2 - 131*f - 171. Determine d(-10).
1739
Let t(p) = -23838*p + 447. Give t(0).
447
Let b(h) = 27134*h + 2442059. Determine b(-90).
-1
Let u(w) = -w**3 + 614*w**2 + 7049*w - 108734. What is u(625)?
16
Let j(l) = 2*l**3 + 20*l**2 + 81*l + 284. Determine j(-7).
11
Let q(m) = 2*m**3 + 35*m**2 + 57*m - 45. Determine q(-15).
225
Let q(o) = o**3 + 27*o**2 + 111*o - 224. Calculate q(-21).
91
Let g(s) = -s**2 + 4572*s + 64136. Give g(-14).
-68
Let w(f) = 7019*f - 2231986. Determine w(318).
56
Let f(z) = -15*z**3 - 3*z**2 - 3*z + 3071. What is f(0)?
3071
Let y(s) = 3154*s - 21578. Determine y(7).
500
Let c(l) = -32*l**3 + 2658*l**2 - 158*l - 691. Calculate c(83).
-27
Let t(j) = j**2 - 2066*j - 37489. What is t(-18)?
23
Let k(i) = 5*i**2 + 1196*i - 17499. Give k(14).
225
Let u(k) = 2923*k + 69763. Determine u(-24).
-389
Let o(l) = 1209*l - 7626. Calculate o(5).
-1581
Let z(w) = -21852*w - 370982. Calculate z(-17).
502
Let p(v) = -3*v**2 - 607*v + 6022. What is p(-212)?
-126
Let v(z) = 3*z**2 - 220*z - 321. Determine v(80).
1279
Let m(k) = -k**3 + 10*k**2 - 6*k - 24. Give m(6).
84
Let j(r) = -894414*r - 12. Determine j(0).
-12
Let r(f) = 1337*f - 23103. What is r(17)?
-374
Let x(v) = 225*v**3 + 3834*v**2 + 149*v - 31. What is x(-17)?
37
Let j(g) = -3970*g - 265839. What is j(-67)?
151
Let p(a) = -739*a - 997. Give p(-2).
481
Let t(y) = 4683*y - 266932. Calculate t(57).
-1
Let n(j) = -j**2 - 4*j + 14116. What is n(118)?
-280
Let v(r) = 42*r**2 + 489*r + 305. Determine v(-11).
8
Let j(v) = 388*v + 3121. Give j(-7).
405
Let z(p) = 9439*p - 339836. Determine z(36).
-32
Let a(p) = -19*p**2 + 11*p + 8. Determine a(2).
-46
Let w(f) = f**3 - 47*f**2 + 308*f + 2295. What is w(37)?
1
Let j(x) = x**3 + 105*x**2 - 899*x + 91. What is j(8)?
131
Let v(k) = k**3 + 25*k**2 + 140*k - 126. Determine v(-11).
28
Let i(t) = -10352*t - 134584. What is i(-13)?
-8
Let g(b) = 2727*b**2 + 125440*b - 85. Give g(-46).
7
Let u(x) = x**3 - 426*x**2 - 38730*x - 268. Give u(-77).
-345
Let c(h) = -2608*h**2 - 271231*h + 95. Determine c(-104).
-9
Let m(r) = -91843*r - 551265. Determine m(-6).
-207
Let f(j) = 6*j**2 + 7780*j + 1007991. Give f(-146).
7
Let c(m) = -m**3 - 61*m**2 - 88*m - 1656. Give c(-60).
24
Let r(f) = f**3 + 1066*f**2 + 5308*f - 1. Determine r(-5).
-16
Let b(z) = -740*z + 72549. Determine b(98).
29
Let m(d) = d**3 - 21*d**2 + 17*d + 439. What is m(6)?
1
Let x(q) = -1385*q - 13944. Calculate x(-10).
-94
Let s(g) = -8088*g - 56785. What is s(-7)?
-169
Let o(q) = -q**3 - 63*q**2 + 406*q - 356. Determine o(-69).
196
Let l(p) = -66*p - 143. Give l(-4).
121
Let f(k) = 26*k**2 + 673*k + 2029. Determine f(-3).
244
Let v(y) = -4*y**3 - 777*y**2 - 37338*y + 541. Give v(-107).
6
Let h(l) = l**3 + 42*l**2 + 435*l - 55. Give h(-25).
-305
Let h(a) = 3*a**3 - 828*a**2 + 3128*a + 36995. What is h(272)?
3
Let h(r) = -15*r**2 - 576*r - 730. Determine h(-37).
47
Let i(l) = 235*l - 1438. What is i(8)?
442
Let d(l) = -29827*l + 7218126. Calculate d(242).
-8
Let s(v) = -13*v**2 + 18127*v - 126258. What is s(7)?
-6
Let g(k) = 13*k**3 + 255*k**2 - 142*k - 1611. Give g(-20).
-771
Let h(w) = -2*w**3 + 198*w**2 - 4139*w - 82. Give h(69).
-13
Let t(l) = -56*l**2 + 23*l + 34. Give t(-1).
-45
Let o(n) = 17*n**3 - 799*n**2 - 31